 10?
99894
What is -b54823 (base 12) in base 7?
-33133620
Convert 120201 (base 8) to base 16.
a081
Convert 1000000001101110110 (base 2) to base 7.
2143565
-121012300 (base 7) to base 10
-7532770
What is 55105 (base 8) in base 4?
11221011
441230 (base 5) to base 9
22747
What is 2382159 (base 12) in base 11?
3985088
What is 1867838 (base 11) in base 5?
1302030031
Convert 10010010010111111010001 (base 2) to base 8.
22227721
Convert -5d42b (base 16) to base 14.
-9d2d5
11e915 (base 15) to base 9
1548652
-10110111111010 (base 2) to base 9
-17127
What is -110000110101000001100110 (base 2) in base 4?
-300311001212
812173 (base 10) to base 9
1467074
13454422 (base 7) to base 10
1257307
-62d660 (base 14) to base 12
-1151344
Convert 1344441 (base 8) to base 7.
3136310
What is -2230132 (base 6) in base 8?
-334250
What is 1a7096 (base 11) in base 12?
13346b
What is -277a466 (base 11) in base 8?
-22205220
-1201043 (base 6) to base 15
-13786
What is -14c533 (base 14) in base 15?
-e4e2b
-1233776 (base 8) to base 7
-2623061
Convert -230531015 (base 6) to base 15.
-58bd75
213303110133 (base 4) to base 5
10132340243
Convert -651603 (base 8) to base 6.
-4401111
Convert 392ba3 (base 14) to base 4.
13200032123
11955071 (base 10) to base 9
24441242
What is -1202022110122 (base 3) in base 10?
-931274
What is -2a984 (base 14) in base 5?
-11344102
What is -3006606 (base 7) in base 4?
-1112233221
What is 2021202121 (base 4) in base 11?
35528a
Convert -40232171 (base 8) to base 6.
-501253425
-4438294 (base 10) to base 13
-bc5213
Convert -53941 (base 12) to base 4.
-122322001
What is -1010100010000001011 (base 2) in base 4?
-1110100023
3b337b (base 13) to base 6
50432402
What is 440157 (base 12) in base 2?
100000111010011010011
What is 110011101000221 (base 3) in base 13?
1453b7c
Convert 5732701 (base 9) to base 13.
84364c
993420 (base 10) to base 2
11110010100010001100
Convert 176534 (base 9) to base 11.
75536
What is -427cca (base 13) in base 7?
-16154501
What is -551403 (base 13) in base 12?
-806796
What is -4436429 (base 10) in base 9?
-8311565
What is 1101001001101100100 (base 2) in base 3?
210220011001
Convert -207bc (base 13) to base 9.
-88165
What is -2500543 (base 6) in base 11?
-90523
-1652414 (base 7) to base 9
-382358
Convert 10505315 (base 7) to base 4.
3132002030
Convert -d3dadb (base 15) to base 7.
-151410560
-6042240 (base 7) to base 2
-10101110111000010110
10036520 (base 7) to base 13
23224a
What is 11340124 (base 5) in base 3?
12100221111
Convert -27656 (base 10) to base 13.
-c785
What is -2680554 (base 9) in base 15?
-1e08cd
-222707 (base 8) to base 14
-1d59d
146fe3 (base 16) to base 14
26c16b
Convert -11301231330 (base 4) to base 8.
-5615574
327a2a (base 11) to base 7
4305523
Convert 2945b (base 13) to base 7.
442243
What is -1132030213 (base 4) in base 13?
-106804
Convert 110000110111111 (base 2) to base 6.
311503
Convert 4110221 (base 6) to base 15.
3d021
Convert -11010101110100100 (base 2) to base 16.
-1aba4
Convert -b2ced4 (base 15) to base 12.
-2a19b54
What is 1124021 (base 8) in base 3?
120111121120
What is 110211140 (base 6) in base 10?
1976676
What is 450611 (base 10) in base 11?
288607
3348722 (base 9) to base 3
10101122210202
Convert 317c30 (base 14) to base 6.
55511350
177425 (base 11) to base 16
42bd6
What is -1110000001110001000101 (base 2) in base 3?
-20220211020120
-21257 (base 12) to base 13
-16a95
Convert 4684391 (base 10) to base 9.
8728688
What is -12726513 (base 8) in base 7?
-33221136
11d90 (base 15) to base 13
1cc83
Convert -119a14 (base 11) to base 2.
-101110000111100000
Convert 66f85 (base 16) to base 15.
84e7a
242302200 (base 5) to base 13
309609
11122122202 (base 3) to base 14
25552
1001000010100010010 (base 2) to base 15
5cb75
What is 1000111201022 (base 3) in base 14?
101463
What is 67be6 (base 16) in base 15?
85d8e
What is -601303 (base 10) in base 4?
-2102303113
What is 111101000111000011001 (base 2) in base 14?
3a1a89
Convert 3749064 (base 11) to base 4.
120312000031
Convert -110031222 (base 4) to base 8.
-241552
What is 7c0427 (base 13) in base 16?
2ce61c
Convert 53553114 (base 6) to base 10.
1585702
Convert 172780 (base 9) to base 2.
11010001001000001
Convert -29350 (base 14) to base 15.
-20426
454a0 (base 12) to base 3
11200120210
-30221030311 (base 4) to base 16
-329335
What is -44640036 (base 7) in base 3?
-21021212211110
Convert -10517021 (base 8) to base 14.
-430ad3
14491 (base 12) to base 5
1401313
What is 515565 (base 10) in base 13?
15088b
6145124 (base 7) to base 10
734087
Convert -21040341 (base 5) to base 9.
-285286
259862 (base 10) to base 12
106472
What is -42651302 (base 7) in base 12?
-1278135
What is -201321333 (base 4) in base 3?
-21001111200
What is -10011001010101011 (base 2) in base 15?
-183dc
-36a709 (base 13) to base 7
-14056412
330311 (base 6) to base 9
41437
What is 4ba63 (base 16) in base 6?
10350311
What is -31abd (base 16) in base 5?
-23002303
What is 2a1526 (base 15) in base 4?
13233133200
Convert -24752661 (base 8) to base 14.
-a30385
What is -16144214 (base 7) in base 3?
-2221010020212
What is -444101232 (base 5) in base 7?
-22332234
What is 10011100101000111 (base 2) in base 7?
452550
102000020112 (base 3) to base 4
310321301
Convert 16802a (base 11) to base 8.
772771
What is 1321013330 (base 4) in base 9?
835488
Convert -4343433403 (base 5) to base 13.
-1c28947
What is -120111012230 (base 4) in base 16?
-6151ac
What is 97083f (base 16) in base 12?
3394053
Convert 12133223 (base 5) to base 4.
130001331
Convert -29c15 (base 16) to base 14.
-46485
1b1028 (base 12) to base 6
14132052
What is -15012504 (base 6) in base 10?
-515128
What is 7846ad (base 14) in base 3?
21200111202010
-1396901 (base 10) to base 3
-2121222012002
1020020101111 (base 3) to base 8
2375564
Convert -7874 (base 13) to base 2.
-100000110111010
2359b (base 15) to base 6
2225302
-123a4 (base 14) to base 15
-d35b
What is -b2d125 (base 15) in base 14?
-11b31a6
Convert -164133 (base 7) to base 6.
-411110
31a87 (base 16) to base 9
340008
What is 10010011110111 (base 2) in base 13?
43cc
Convert 462466 (base 9) to base 2.
1000011101110011100
What is -262aa (base 12) in base 16?
-cc22
Convert 146420 (base 9) to base 10.
90009
Convert 15626 (base 7) to base 3.
20002002
What is 1630477 (base 8) in base 10?
471359
What is 6713811 (base 10) in base 2?
11001100111000111010011
What is -11200011120012 (base 3) in base 5?
-1113432014
What is 10100000010100010110010 (base 2) in base 7?
62436511
Convert -275b7 (base 15) to base 9.
-212061
Convert -b3400 (base 12) to base 9.
-385710
-14b04 (base 16) to base 13
-2c756
What is 1bb13 (base 15) in base 8?
260203
What is 191549 (base 13) in base 15?
c7165
What is 144aa4 (base 11) in base 4?
313033113
What is -12000021112101 (base 3) in base 2?
-1010001010000100101000
What is -8718fe (base 16) in base 12?
-2b6b852
Convert 400624 (base 7) to base 10.
67540
What is -2a60074 (base 12) in base 15?
-b48997
40c223 (base 14) to base 9
4088685
What is 844007 (base 9) in base 12?
202307
What is 95a0a6 (base 11) in base 3?
2220001010020
-c3a883 (base 16) to base 9
-26113338
-312230011 (base 4) to base 8
-665405
What is -124740 (base 10) in base 2?
-11110011101000100
Convert -33506 (base 9) to base 8.
-53411
383863 (base 11) to base 3
1010202022221
Convert -10000101101100101 (base 2) to base 3.
-10110220022
-35d70 (base 16) to base 8
-656560
347a40a (base 11) to base 14
b41db4
What is -26b9715 (base 12) in base 15?
-a24508
Convert 272a07 (base 12) to base 13.
198a87
What is -4d4610 (base 14) in base 3?
-12000021202211
Convert -2c6296 (base 15) to base 11.
-1237161
What is 49b89 (base 15) in base 11?
150a12
Convert -115125043 (base 6) to base 16.
-21a293
Convert 613664 (base 9) to base 14.
96706
What is -158475 (base 12) in base 5?
-43221001
What is 100221211110121 (base 3) in base 14?
9ba50a
Convert -112120222021 (base 3) to base 4.
-1012013212
What is 313534 (base 11) in base 12?
202911
80e285 (base 16) to base 14
119c2c5
What is b04d (base 15) in base 14?
d7b0
-b93463 (base 14) to base 6
-342223555
Convert 311000332 (base 4) to base 16.
3503e
-365310 (base 7) to base 16
-10488
Convert 1007035 (base 10) to base 6.
33330111
What is -126309 (base 16) in base 10?
-1205001
-1814dc (base 15) to base 13
-31c